et l(r) = -10*r**2 + 4918*r - 8885. Give l(490).
-65
Let q(o) = o**3 - 49*o**2 - 17*o - 34. Give q(50).
1616
Let z(c) = -2*c**2 + 1384*c + 41710. Give z(-29).
-108
Let p(w) = -2612*w + 360476. Give p(138).
20
Let n(q) = 84*q**2 + 921*q - 920. What is n(1)?
85
Let x(i) = -3*i**3 + 4*i**2 + 201*i + 1183. What is x(-6)?
769
Let g(n) = 156*n**2 + 1301*n + 448. Give g(-8).
24
Let h(v) = 1498*v + 67349. Give h(-45).
-61
Let o(g) = 11809*g + 5609271. Determine o(-475).
-4
Let q(i) = -8*i**2 + 5799*i - 112099. Determine q(705).
-4
Let d(a) = 119433*a + 358152. Give d(-3).
-147
Let v(f) = f**3 + 18*f**2 + 75*f + 13. Determine v(-12).
-23
Let a(d) = -28*d**2 - 7221*d + 767. Determine a(-258).
-7
Let r(n) = -n**2 + 999*n + 275423. Give r(-225).
23
Let q(k) = k**2 - 103*k + 3000. Give q(38).
530
Let o(g) = -517*g - 121364. What is o(-235)?
131
Let l(w) = 17*w**3 + 302*w**2 - 75*w + 599. Give l(-18).
653
Let i(j) = j**3 + 1476*j**2 - 10404*j + 103. Give i(7).
-58
Let c(a) = 33846*a - 5990739. Calculate c(177).
3
Let j(c) = 4*c**3 - 368*c**2 + 347*c + 276. What is j(91)?
-1271
Let k(y) = -y**3 + 10*y**2 - 3264*y + 25957. Determine k(8).
-27
Let t(b) = 1425*b + 11719. Calculate t(-9).
-1106
Let u(z) = -4*z**2 + 4819*z - 43017. Calculate u(9).
30
Let u(y) = y**3 + 52*y**2 - 1458*y - 79575. What is u(-47)?
-4
Let r(v) = 4513*v - 36563. Determine r(8).
-459
Let d(g) = 24316*g - 389053. What is d(16)?
3
Let s(u) = -u**3 + 2*u**2 - 64*u - 649. Determine s(-8).
503
Let o(s) = 431*s - 150382. Calculate o(348).
-394
Let y(j) = -3*j**3 + 16*j**2 - 141*j + 1200. Calculate y(8).
-440
Let d(a) = 5914*a + 53232. Determine d(-9).
6
Let a(g) = -g**3 + 98*g**2 + 577*g - 5882. Determine a(103).
504
Let c(k) = 20*k**3 + 7*k**2 - 567*k - 1138. Calculate c(-2).
-136
Let y(z) = -z**3 + 14*z**2 + 372*z - 4958. Determine y(13).
47
Let z(c) = -3*c**2 - 169*c + 2640. Determine z(-69).
18
Let v(a) = a**2 - 1220*a + 42624. Determine v(36).
0
Let t(w) = -17*w**2 - 4983*w + 146225. What is t(-320)?
-15
Let y(t) = -97*t**2 + 7272*t + 157. Give y(75).
-68
Let c(n) = -720*n + 134201. Determine c(187).
-439
Let s(z) = -7*z**3 - 322*z**2 + 295*z - 1650. What is s(-47)?
-52
Let b(w) = 4405*w + 26648. Determine b(-6).
218
Let q(c) = c**2 - 7576*c + 120998. Give q(16).
38
Let q(w) = w**3 - 32*w**2 + 109*w - 7515. Give q(35).
-25
Let s(z) = -7*z**2 - 1781*z + 12770. Determine s(7).
-40
Let y(z) = -5*z**2 - 444*z + 1851. Give y(-93).
-102
Let b(u) = -58*u**2 + 183*u - 1962. Determine b(11).
-6967
Let i(w) = -47*w**3 - 3*w**2 - 14*w + 34. Determine i(2).
-382
Let t(o) = o**3 + 10*o**2 - 552*o + 447. Give t(-29).
476
Let q(c) = c**2 + 1215*c - 98300. Give q(77).
1184
Let c(a) = -5529*a + 18810. Give c(3).
2223
Let r(t) = 3*t**3 + 25*t**2 + 8537*t + 104028. Determine r(-12).
0
Let n(x) = -2*x**2 + 293*x + 2912. Determine n(156).
-52
Let z(w) = 3*w**3 - 557*w**2 + 382*w - 714. Determine z(185).
1506
Let i(n) = -2*n**2 + 85*n + 3347. Give i(-35).
-2078
Let o(y) = -5*y**2 + 1528*y - 111961. Calculate o(121).
-278
Let v(m) = -149075*m - 297823. Give v(-2).
327
Let x(z) = 15*z**3 + 2635*z**2 - 881*z - 164. Give x(-176).
12
Let w(j) = 5*j**2 + 687*j + 13540. What is w(-24)?
-68
Let u(c) = c**2 - 191*c + 7977. Calculate u(62).
-21
Let s(u) = 3*u**2 + 304*u + 6349. Determine s(-28).
189
Let l(w) = -715*w + 17077. Calculate l(23).
632
Let y(n) = -n**2 + 46*n + 4633. Give y(-50).
-167
Let d(k) = 192*k - 40573. Calculate d(208).
-637
Let x(a) = 2*a**2 + 360*a + 14684. Calculate x(-99).
-1354
Let r(n) = 7*n**3 + 4*n**2 - 20*n - 56. Determine r(-2).
-56
Let v(m) = -65*m**2 + 8634*m + 1477. What is v(133)?
14
Let r(f) = -7*f**2 + 794*f + 17644. Calculate r(-19).
31
Let x(q) = 7*q**3 + 49*q**2 - 71*q + 86. What is x(-10)?
-1304
Let x(k) = -2*k**3 - 4*k**2 - 8408*k - 42019. Give x(-5).
171
Let y(l) = 657*l + 189915. Determine y(-289).
42
Let o(q) = 8370*q + 175844. Calculate o(-21).
74
Let t(h) = h**3 + 171*h**2 + 6960*h + 7424. Determine t(-106).
4
Let q(p) = -7*p - 363. What is q(-46)?
-41
Let y(o) = -42*o**2 - 7344*o + 1038. Give y(-175).
-12
Let t(c) = -378*c**2 - 272*c + 3. What is t(0)?
3
Let j(s) = 1856*s + 154064. Calculate j(-83).
16
Let v(s) = 6279*s + 497. Determine v(0).
497
Let d(o) = -809*o + 21838. Calculate d(27).
-5
Let c(g) = -47129*g + 565523. Determine c(12).
-25
Let y(x) = 386*x**2 - 745*x - 63. Calculate y(2).
-9
Let j(b) = 8*b**2 + 868*b + 2929. Give j(-105).
-11
Let i(f) = -3488*f - 2574152. Determine i(-738).
-8
Let d(g) = -g**3 + 60*g**2 + 649*g + 3724. Determine d(70).
154
Let l(o) = -2063*o + 414653. Calculate l(201).
-10
Let p(a) = -a**3 - 37*a**2 - 247*a + 1706. What is p(-24)?
146
Let z(v) = 3*v**2 - 13*v + 565. What is z(24)?
1981
Let y(a) = -27768*a - 444259. What is y(-16)?
29
Let k(u) = -2*u**2 - 370*u - 5147. Determine k(-22).
2025
Let q(z) = -131366*z + 2101824. Determine q(16).
-32
Let v(o) = 2*o**2 + 544*o + 10940. Calculate v(-21).
398
Let w(j) = j**3 + 111*j**2 - 3072*j - 221. Give w(23).
9
Let u(v) = 13*v**2 + 372*v - 13902. Calculate u(-50).
-2
Let b(o) = 862*o - 923. Determine b(1).
-61
Let m(f) = -2*f**3 + 43*f**2 - 535*f + 10944. What is m(21)?
150
Let w(o) = -950*o**2 - 1326*o + 2. Give w(0).
2
Let r(v) = 5115*v + 46054. Calculate r(-9).
19
Let u(v) = -11*v**2 + 53*v + 578. Calculate u(-10).
-1052
Let c(s) = s**2 - 890*s - 62230. Determine c(-65).
-155
Let l(c) = 43*c**3 + c**2 + 744*c + 1496. Determine l(-2).
-332
Let y(v) = 138*v - 1660. Give y(13).
134
Let t(p) = p**3 + 22*p**2 + 82*p - 328. Give t(-15).
17
Let w(o) = 21409*o - 107355. Give w(5).
-310
Let m(i) = -67*i**2 + 297*i - 36. What is m(4)?
80
Let n(x) = 2*x**3 - 44*x**2 + 9*x + 154. Determine n(19).
-1841
Let j(c) = -20*c**2 + 2791*c + 5719. What is j(-2)?
57
Let c(h) = -14846*h + 371157. Calculate c(25).
7
Let p(u) = -2*u**2 + 522*u - 5896. Calculate p(238).
5052
Let q(r) = -3*r**2 + 513278*r + 3079751. Give q(-6).
-25
Let m(y) = -1551*y - 69801. Give m(-45).
-6
Let f(y) = 15*y**2 + 2222*y + 8832. Calculate f(-4).
184
Let h(w) = 2*w**3 - 186*w**2 + 169*w + 1398. Determine h(92).
18
Let c(p) = 30*p**2 - 919*p + 788. Determine c(31).
1129
Let m(q) = -137060*q - 822357. Calculate m(-6).
3
Let u(d) = 172*d**2 - 1204*d - 80. Determine u(7).
-80
Let o(p) = -1188*p - 28458. Give o(-24).
54
Let x(w) = -w**3 + 15*w**2 - 484*w + 6149. Calculate x(14).
-431
Let d(g) = -45548*g - 364386. Determine d(-8).
-2
Let u(j) = j**3 + 75*j**2 - 4*j + 191. What is u(-75)?
491
Let p(h) = -112192*h + 1009737. Give p(9).
9
Let i(o) = -3*o**3 + 35*o**2 + 25*o - 118. Calculate i(12).
38
Let r(a) = 1472*a + 36607. Determine r(-25).
-193
Let d(y) = -191100*y - 3821990. What is d(-20)?
10
Let j(s) = -15618*s - 390388. Give j(-25).
62
Let r(x) = 415*x + 1614. Determine r(-4).
-46
Let m(a) = a**3 - 110*a**2 - 945*a - 14992. What is m(119)?
2
Let q(r) = 2969*r - 956145. Give q(322).
-127
Let i(s) = -s**2 - 528*s - 45446. Determine i(-117).
2641
Let k(v) = -74*v**2 - 1690*v - 329. What is k(-23)?
-605
Let p(z) = -2*z**3 - 401*z**2 - 20073*z + 2133. Give p(-102).
-9
Let q(d) = -34*d**3 - 69*d**2 - 195*d + 1. What is q(-3)?
883
Let i(l) = 6*l**3 + 23*l**2 + 43*l + 58. Determine i(-4).
-130
Let u(t) = 2*t**3 + 4*t**2 - 286*t + 965. Determine u(4).
13
Let t(g) = 26*g**3 - 120*g**2 + 238*g + 9. Calculate t(2).
213
Let q(f) = -36*f**2 - 705*f - 142. Determine q(-19).
257
Let j(s) = -125779*s**2 + 2389804*s - 62. Calculate j(19).
-5
Let n(i) = 315687*i + 4419624. Give n(-14).
6
Let w(a) = a**2 + 78*a - 763. Calculate w(10).
117
Let b(l) = 176*l**2 - 363*l - 1451. Give b(-4).
2817
Let t(f) = 3*f**2 + 14*f - 44. Calculate t(4).
60
Let o(t) = -33*t**2 - 6537*t - 575. Give o(-198).
19
Let k(a) = a**3 - 147*a**2 - 909*a - 2262. Determine k(153).
-885
Let k(q) = 16*q**2 - 107*q - 546. What is k(-5)?
389
Let y(m) = 6*m**3 + 43*m**2 - 17*m - 192. What is y(-7)?
-24
Let t(z) = -327*z + 36895. Calculate t(111).
598
Let c(y) = -429*y - 362. Give c(-2).
496
Let y(i) = 2*i**3 - 280*i**2 + 2116*i - 294. Determine y(132).
234
Let z(l) = l**3 - 471*l**2 + 7284*l - 1666. Give z(455).
154
Let j(m) = -5*m**3 + 2762*m**2 + 4419*m + 7193. Calculate j(554).
-9
Let c(r) = r**3 + 145*r**2 - 1498*r + 8047. Determine c(-155).
-13
Let m(h) = -650*h - 15364. Determine m